{"id":15,"date":"2024-10-28T10:54:45","date_gmt":"2024-10-28T13:54:45","guid":{"rendered":"https:\/\/dissenha.com.br\/?page_id=15"},"modified":"2026-04-10T10:10:19","modified_gmt":"2026-04-10T13:10:19","slug":"quem-somos","status":"publish","type":"page","link":"https:\/\/dissenha.com.br\/index.php\/quem-somos\/","title":{"rendered":"quem somos"},"content":{"rendered":"\t\t<div data-elementor-type=\"wp-page\" data-elementor-id=\"15\" class=\"elementor elementor-15\" data-elementor-post-type=\"page\">\n\t\t\t\t<div class=\"elementor-element elementor-element-3f2b59c e-con-full e-flex e-con e-parent\" data-id=\"3f2b59c\" data-element_type=\"container\">\n\t\t<div class=\"elementor-element elementor-element-bba852d e-flex e-con-boxed e-con e-child\" data-id=\"bba852d\" data-element_type=\"container\">\n\t\t\t\t\t<div class=\"e-con-inner\">\n\t\t<div class=\"elementor-element elementor-element-e1925ae e-con-full e-flex e-con e-child\" data-id=\"e1925ae\" data-element_type=\"container\" data-settings=\"{&quot;background_background&quot;:&quot;classic&quot;}\">\n\t\t\t\t<div class=\"elementor-element elementor-element-ba51c17 elementor-widget__width-initial elementor-widget elementor-widget-text-editor\" data-id=\"ba51c17\" data-element_type=\"widget\" data-widget_type=\"text-editor.default\">\n\t\t\t\t<div class=\"elementor-widget-container\">\n\t\t\t\t\t\t\tMoldamos o futuro em<br>busca de um mundo melhor\t\t\t\t\t\t<\/div>\n\t\t\t\t<\/div>\n\t\t\t\t<\/div>\n\t\t\t\t\t<\/div>\n\t\t\t\t<\/div>\n\t\t\t\t<\/div>\n\t\t<div class=\"elementor-element elementor-element-83ede52 e-con-full e-flex e-con e-parent\" data-id=\"83ede52\" data-element_type=\"container\">\n\t\t<div class=\"elementor-element elementor-element-3c53f0f e-flex e-con-boxed e-con e-child\" data-id=\"3c53f0f\" data-element_type=\"container\">\n\t\t\t\t\t<div class=\"e-con-inner\">\n\t\t\t\t<div class=\"elementor-element elementor-element-3accdc8 elementor-widget__width-initial elementor-widget elementor-widget-text-editor\" data-id=\"3accdc8\" data-element_type=\"widget\" data-widget_type=\"text-editor.default\">\n\t\t\t\t<div class=\"elementor-widget-container\">\n\t\t\t\t\t\t\t<p>Nossa vis\u00e3o \u00e9 construir um futuro mais sustent\u00e1vel em todos os setores em que atuamos, impulsionando o desenvolvimento local nas regi\u00f5es em que estamos inseridos.\u00a0<\/p><p>Com um portf\u00f3lio diversificado, nossas empresas refletem o compromisso com a sustentabilidade e qualidade dos produtos e servi\u00e7os que oferecemos.<\/p>\t\t\t\t\t\t<\/div>\n\t\t\t\t<\/div>\n\t\t\t\t\t<\/div>\n\t\t\t\t<\/div>\n\t\t\t\t<\/div>\n\t\t<div class=\"elementor-element elementor-element-a3f4918 e-flex e-con-boxed e-con e-parent\" data-id=\"a3f4918\" data-element_type=\"container\">\n\t\t\t\t\t<div class=\"e-con-inner\">\n\t\t\t\t<div class=\"elementor-element elementor-element-8324f18 elementor-widget elementor-widget-video\" data-id=\"8324f18\" data-element_type=\"widget\" data-settings=\"{&quot;youtube_url&quot;:&quot;https:\\\/\\\/www.youtube.com\\\/watch?v=vswcO7ujUss&quot;,&quot;video_type&quot;:&quot;youtube&quot;,&quot;controls&quot;:&quot;yes&quot;}\" data-widget_type=\"video.default\">\n\t\t\t\t<div class=\"elementor-widget-container\">\n\t\t\t\t\t<div class=\"elementor-wrapper elementor-open-inline\">\n\t\t\t<div class=\"elementor-video\"><\/div>\t\t<\/div>\n\t\t\t\t<\/div>\n\t\t\t\t<\/div>\n\t\t\t\t\t<\/div>\n\t\t\t\t<\/div>\n\t\t<div class=\"elementor-element elementor-element-3f5df5b e-con-full e-flex e-con e-parent\" data-id=\"3f5df5b\" data-element_type=\"container\">\n\t\t\t\t<div class=\"elementor-element elementor-element-2bd7fb4 elementor-arrows-position-inside elementor-pagination-position-outside elementor-widget elementor-widget-image-carousel\" data-id=\"2bd7fb4\" data-element_type=\"widget\" data-settings=\"{&quot;motion_fx_motion_fx_scrolling&quot;:&quot;yes&quot;,&quot;slides_to_show&quot;:&quot;8&quot;,&quot;slides_to_scroll&quot;:&quot;4&quot;,&quot;navigation&quot;:&quot;both&quot;,&quot;autoplay&quot;:&quot;yes&quot;,&quot;pause_on_hover&quot;:&quot;yes&quot;,&quot;pause_on_interaction&quot;:&quot;yes&quot;,&quot;autoplay_speed&quot;:5000,&quot;speed&quot;:500,&quot;motion_fx_devices&quot;:[&quot;desktop&quot;,&quot;tablet&quot;,&quot;mobile&quot;]}\" data-widget_type=\"image-carousel.default\">\n\t\t\t\t<div class=\"elementor-widget-container\">\n\t\t\t\t\t<div class=\"elementor-image-carousel-wrapper swiper\" dir=\"ltr\">\n\t\t\t<div class=\"elementor-image-carousel swiper-wrapper\" aria-live=\"off\">\n\t\t\t\t\t\t\t\t<div class=\"swiper-slide\" role=\"group\" aria-roledescription=\"slide\" aria-label=\"1 of 14\"><figure class=\"swiper-slide-inner\"><img decoding=\"async\" class=\"swiper-slide-image\" src=\"https:\/\/dissenha.com.br\/wp-content\/uploads\/2025\/03\/1941.png\" alt=\"\" \/><\/figure><\/div><div class=\"swiper-slide\" role=\"group\" aria-roledescription=\"slide\" aria-label=\"2 of 14\"><figure class=\"swiper-slide-inner\"><img decoding=\"async\" class=\"swiper-slide-image\" src=\"https:\/\/dissenha.com.br\/wp-content\/uploads\/2025\/03\/1947.png\" alt=\"\" \/><\/figure><\/div><div class=\"swiper-slide\" role=\"group\" aria-roledescription=\"slide\" aria-label=\"3 of 14\"><figure class=\"swiper-slide-inner\"><img decoding=\"async\" class=\"swiper-slide-image\" src=\"https:\/\/dissenha.com.br\/wp-content\/uploads\/2025\/03\/1957.png\" alt=\"\" \/><\/figure><\/div><div class=\"swiper-slide\" role=\"group\" aria-roledescription=\"slide\" aria-label=\"4 of 14\"><figure class=\"swiper-slide-inner\"><img decoding=\"async\" class=\"swiper-slide-image\" src=\"https:\/\/dissenha.com.br\/wp-content\/uploads\/2025\/03\/1968.png\" alt=\"\" \/><\/figure><\/div><div class=\"swiper-slide\" role=\"group\" aria-roledescription=\"slide\" aria-label=\"5 of 14\"><figure class=\"swiper-slide-inner\"><img decoding=\"async\" class=\"swiper-slide-image\" src=\"https:\/\/dissenha.com.br\/wp-content\/uploads\/2025\/03\/1970.png\" alt=\"\" \/><\/figure><\/div><div class=\"swiper-slide\" role=\"group\" aria-roledescription=\"slide\" aria-label=\"6 of 14\"><figure class=\"swiper-slide-inner\"><img decoding=\"async\" class=\"swiper-slide-image\" src=\"https:\/\/dissenha.com.br\/wp-content\/uploads\/2025\/03\/1980-1.png\" alt=\"\" \/><\/figure><\/div><div class=\"swiper-slide\" role=\"group\" aria-roledescription=\"slide\" aria-label=\"7 of 14\"><figure class=\"swiper-slide-inner\"><img decoding=\"async\" class=\"swiper-slide-image\" src=\"https:\/\/dissenha.com.br\/wp-content\/uploads\/2025\/03\/2001.png\" alt=\"\" \/><\/figure><\/div><div class=\"swiper-slide\" role=\"group\" aria-roledescription=\"slide\" aria-label=\"8 of 14\"><figure class=\"swiper-slide-inner\"><img decoding=\"async\" class=\"swiper-slide-image\" src=\"https:\/\/dissenha.com.br\/wp-content\/uploads\/2025\/03\/2002.png\" alt=\"\" \/><\/figure><\/div><div class=\"swiper-slide\" role=\"group\" aria-roledescription=\"slide\" aria-label=\"9 of 14\"><figure class=\"swiper-slide-inner\"><img decoding=\"async\" class=\"swiper-slide-image\" src=\"https:\/\/dissenha.com.br\/wp-content\/uploads\/2025\/03\/2003.png\" alt=\"\" \/><\/figure><\/div><div class=\"swiper-slide\" role=\"group\" aria-roledescription=\"slide\" aria-label=\"10 of 14\"><figure class=\"swiper-slide-inner\"><img decoding=\"async\" class=\"swiper-slide-image\" src=\"https:\/\/dissenha.com.br\/wp-content\/uploads\/2025\/03\/2015.png\" alt=\"\" \/><\/figure><\/div><div class=\"swiper-slide\" role=\"group\" aria-roledescription=\"slide\" aria-label=\"11 of 14\"><figure class=\"swiper-slide-inner\"><img decoding=\"async\" class=\"swiper-slide-image\" src=\"https:\/\/dissenha.com.br\/wp-content\/uploads\/2025\/03\/2019.png\" alt=\"\" \/><\/figure><\/div><div class=\"swiper-slide\" role=\"group\" aria-roledescription=\"slide\" aria-label=\"12 of 14\"><figure class=\"swiper-slide-inner\"><img decoding=\"async\" class=\"swiper-slide-image\" src=\"https:\/\/dissenha.com.br\/wp-content\/uploads\/2025\/03\/2021.png\" alt=\"\" \/><\/figure><\/div><div class=\"swiper-slide\" role=\"group\" aria-roledescription=\"slide\" aria-label=\"13 of 14\"><figure class=\"swiper-slide-inner\"><img decoding=\"async\" class=\"swiper-slide-image\" src=\"https:\/\/dissenha.com.br\/wp-content\/uploads\/2025\/03\/2024.png\" alt=\"\" \/><\/figure><\/div><div class=\"swiper-slide\" role=\"group\" aria-roledescription=\"slide\" aria-label=\"14 of 14\"><figure class=\"swiper-slide-inner\"><img decoding=\"async\" class=\"swiper-slide-image\" src=\"https:\/\/dissenha.com.br\/wp-content\/uploads\/2025\/03\/2025.png\" alt=\"\" \/><\/figure><\/div>\t\t\t<\/div>\n\t\t\t\t\t\t\t\t\t\t\t\t<div class=\"elementor-swiper-button elementor-swiper-button-prev\" role=\"button\" tabindex=\"0\">\n\t\t\t\t\t\t<svg aria-hidden=\"true\" class=\"e-font-icon-svg e-eicon-chevron-left\" viewBox=\"0 0 1000 1000\" xmlns=\"http:\/\/www.w3.org\/2000\/svg\"><path d=\"M646 125C629 125 613 133 604 142L308 442C296 454 292 471 292 487 292 504 296 521 308 533L604 854C617 867 629 875 646 875 663 875 679 871 692 858 704 846 713 829 713 812 713 796 708 779 692 767L438 487 692 225C700 217 708 204 708 187 708 171 704 154 692 142 675 129 663 125 646 125Z\"><\/path><\/svg>\t\t\t\t\t<\/div>\n\t\t\t\t\t<div class=\"elementor-swiper-button elementor-swiper-button-next\" role=\"button\" tabindex=\"0\">\n\t\t\t\t\t\t<svg aria-hidden=\"true\" class=\"e-font-icon-svg e-eicon-chevron-right\" viewBox=\"0 0 1000 1000\" xmlns=\"http:\/\/www.w3.org\/2000\/svg\"><path d=\"M696 533C708 521 713 504 713 487 713 471 708 454 696 446L400 146C388 133 375 125 354 125 338 125 325 129 313 142 300 154 292 171 292 187 292 204 296 221 308 233L563 492 304 771C292 783 288 800 288 817 288 833 296 850 308 863 321 871 338 875 354 875 371 875 388 867 400 854L696 533Z\"><\/path><\/svg>\t\t\t\t\t<\/div>\n\t\t\t\t\n\t\t\t\t\t\t\t\t\t<div class=\"swiper-pagination\"><\/div>\n\t\t\t\t\t\t\t\t\t<\/div>\n\t\t\t\t<\/div>\n\t\t\t\t<\/div>\n\t\t\t\t<\/div>\n\t\t<div class=\"elementor-element elementor-element-4bbe822 e-con-full e-flex e-con e-parent\" data-id=\"4bbe822\" data-element_type=\"container\">\n\t\t<div class=\"elementor-element elementor-element-5c25833 e-flex e-con-boxed e-con e-child\" data-id=\"5c25833\" data-element_type=\"container\">\n\t\t\t\t\t<div class=\"e-con-inner\">\n\t\t<div class=\"elementor-element elementor-element-82bd612 e-con-full e-flex e-con e-child\" data-id=\"82bd612\" data-element_type=\"container\">\n\t\t<div class=\"elementor-element elementor-element-811186b e-flex e-con-boxed e-con e-child\" data-id=\"811186b\" data-element_type=\"container\" data-settings=\"{&quot;background_background&quot;:&quot;classic&quot;}\">\n\t\t\t\t\t<div class=\"e-con-inner\">\n\t\t<div class=\"elementor-element elementor-element-25aaae4 e-con-full e-flex e-con e-child\" data-id=\"25aaae4\" data-element_type=\"container\" data-settings=\"{&quot;background_background&quot;:&quot;classic&quot;}\">\n\t\t<div class=\"elementor-element elementor-element-1907c57 e-con-full e-flex e-con e-child\" data-id=\"1907c57\" data-element_type=\"container\" data-settings=\"{&quot;background_background&quot;:&quot;classic&quot;}\">\n\t\t<div class=\"elementor-element elementor-element-d0e2a3d e-con-full e-flex e-con e-child\" data-id=\"d0e2a3d\" data-element_type=\"container\">\n\t\t\t\t<div class=\"elementor-element elementor-element-c5bbdf9 elementor-widget__width-initial elementor-widget elementor-widget-text-editor\" data-id=\"c5bbdf9\" data-element_type=\"widget\" data-widget_type=\"text-editor.default\">\n\t\t\t\t<div class=\"elementor-widget-container\">\n\t\t\t\t\t\t\t<p>Com experi\u00eancia e a tecnologia, constru\u00edmos um futuro de desenvolvimento sustent\u00e1vel.<\/p>\t\t\t\t\t\t<\/div>\n\t\t\t\t<\/div>\n\t\t\t\t<\/div>\n\t\t<div class=\"elementor-element elementor-element-6f6d3ce e-con-full e-flex e-con e-child\" data-id=\"6f6d3ce\" data-element_type=\"container\">\n\t\t\t\t<div class=\"elementor-element elementor-element-5f2687e elementor-widget elementor-widget-image\" data-id=\"5f2687e\" data-element_type=\"widget\" data-widget_type=\"image.default\">\n\t\t\t\t<div class=\"elementor-widget-container\">\n\t\t\t\t\t\t\t\t\t\t\t\t\t<img fetchpriority=\"high\" decoding=\"async\" width=\"695\" height=\"488\" src=\"https:\/\/dissenha.com.br\/wp-content\/uploads\/2024\/10\/Group-97.png\" class=\"attachment-large size-large wp-image-282\" alt=\"\" srcset=\"https:\/\/dissenha.com.br\/wp-content\/uploads\/2024\/10\/Group-97.png 695w, https:\/\/dissenha.com.br\/wp-content\/uploads\/2024\/10\/Group-97-300x211.png 300w\" sizes=\"(max-width: 695px) 100vw, 695px\" \/>\t\t\t\t\t\t\t\t\t\t\t\t\t<\/div>\n\t\t\t\t<\/div>\n\t\t\t\t<\/div>\n\t\t\t\t<\/div>\n\t\t<div class=\"elementor-element elementor-element-7079068 e-con-full e-flex e-con e-child\" data-id=\"7079068\" data-element_type=\"container\">\n\t\t<div class=\"elementor-element elementor-element-09ac544 e-con-full e-flex e-con e-child\" data-id=\"09ac544\" data-element_type=\"container\">\n\t\t\t\t<div class=\"elementor-element elementor-element-49ce2ea elementor-widget elementor-widget-text-editor\" data-id=\"49ce2ea\" data-element_type=\"widget\" data-widget_type=\"text-editor.default\">\n\t\t\t\t<div class=\"elementor-widget-container\">\n\t\t\t\t\t\t\t<p>Fundado em 1941 em Curitiba, o Grupo Dissenha iniciou suas atividades no ramo comercial e, em 1947, mudou-se para General Carneiro-PR, focando no beneficiamento de madeira. Sob a lideran\u00e7a de Jo\u00e3o Baptista Dissenha e seu filho Jos\u00e9 Nelson Dissenha, o grupo expandiu suas opera\u00e7\u00f5es e envolvimento em quest\u00f5es sociais, contribuindo significativamente para a comunidade de Uni\u00e3o da Vit\u00f3ria-PR.<\/p>\t\t\t\t\t\t<\/div>\n\t\t\t\t<\/div>\n\t\t\t\t<\/div>\n\t\t<div class=\"elementor-element elementor-element-7ef97c4 e-con-full e-flex e-con e-child\" data-id=\"7ef97c4\" data-element_type=\"container\">\n\t\t\t\t<div class=\"elementor-element elementor-element-59241fa elementor-widget__width-initial blender elementor-widget elementor-widget-image\" data-id=\"59241fa\" data-element_type=\"widget\" data-widget_type=\"image.default\">\n\t\t\t\t<div class=\"elementor-widget-container\">\n\t\t\t\t\t\t\t\t\t\t\t\t\t<img decoding=\"async\" width=\"488\" height=\"310\" src=\"https:\/\/dissenha.com.br\/wp-content\/uploads\/2024\/10\/selo.png\" class=\"attachment-large size-large wp-image-283\" alt=\"\" srcset=\"https:\/\/dissenha.com.br\/wp-content\/uploads\/2024\/10\/selo.png 488w, https:\/\/dissenha.com.br\/wp-content\/uploads\/2024\/10\/selo-300x191.png 300w\" sizes=\"(max-width: 488px) 100vw, 488px\" \/>\t\t\t\t\t\t\t\t\t\t\t\t\t<\/div>\n\t\t\t\t<\/div>\n\t\t\t\t<\/div>\n\t\t\t\t<\/div>\n\t\t<div class=\"elementor-element elementor-element-c652862 e-con-full e-flex e-con e-child\" data-id=\"c652862\" data-element_type=\"container\">\n\t\t\t\t<div class=\"elementor-element elementor-element-9d8abeb elementor-widget elementor-widget-image\" data-id=\"9d8abeb\" data-element_type=\"widget\" data-widget_type=\"image.default\">\n\t\t\t\t<div class=\"elementor-widget-container\">\n\t\t\t\t\t\t\t\t\t\t\t\t\t<img decoding=\"async\" width=\"800\" height=\"355\" src=\"https:\/\/dissenha.com.br\/wp-content\/uploads\/2024\/10\/omerta-1024x455.png\" class=\"attachment-large size-large wp-image-284\" alt=\"\" srcset=\"https:\/\/dissenha.com.br\/wp-content\/uploads\/2024\/10\/omerta-1024x455.png 1024w, https:\/\/dissenha.com.br\/wp-content\/uploads\/2024\/10\/omerta-300x133.png 300w, https:\/\/dissenha.com.br\/wp-content\/uploads\/2024\/10\/omerta-768x341.png 768w, https:\/\/dissenha.com.br\/wp-content\/uploads\/2024\/10\/omerta-1536x682.png 1536w, https:\/\/dissenha.com.br\/wp-content\/uploads\/2024\/10\/omerta.png 1667w\" sizes=\"(max-width: 800px) 100vw, 800px\" \/>\t\t\t\t\t\t\t\t\t\t\t\t\t<\/div>\n\t\t\t\t<\/div>\n\t\t\t\t<div class=\"elementor-element elementor-element-417546e elementor-widget elementor-widget-text-editor\" data-id=\"417546e\" data-element_type=\"widget\" data-widget_type=\"text-editor.default\">\n\t\t\t\t<div class=\"elementor-widget-container\">\n\t\t\t\t\t\t\t<p>Na foto da esquerda para a direita: Jos\u00e9 Nelson Dissenha, Jo\u00e3o Dissenha e Wilson Dissenha<\/p>\t\t\t\t\t\t<\/div>\n\t\t\t\t<\/div>\n\t\t\t\t<\/div>\n\t\t\t\t<\/div>\n\t\t\t\t\t<\/div>\n\t\t\t\t<\/div>\n\t\t\t\t<\/div>\n\t\t\t\t\t<\/div>\n\t\t\t\t<\/div>\n\t\t\t\t<\/div>\n\t\t<div class=\"elementor-element elementor-element-3a8b684 e-con-full e-flex e-con e-parent\" data-id=\"3a8b684\" data-element_type=\"container\">\n\t\t<div class=\"elementor-element elementor-element-d3969b9 e-flex e-con-boxed e-con e-child\" data-id=\"d3969b9\" data-element_type=\"container\">\n\t\t\t\t\t<div class=\"e-con-inner\">\n\t\t<div class=\"elementor-element elementor-element-1a3251e e-con-full e-flex e-con e-child\" data-id=\"1a3251e\" data-element_type=\"container\">\n\t\t<div class=\"elementor-element elementor-element-4af8170 e-con-full e-flex e-con e-child\" data-id=\"4af8170\" data-element_type=\"container\" data-settings=\"{&quot;background_background&quot;:&quot;classic&quot;}\">\n\t\t<div class=\"elementor-element elementor-element-134ee68 e-con-full e-flex e-con e-child\" data-id=\"134ee68\" data-element_type=\"container\" data-settings=\"{&quot;background_background&quot;:&quot;classic&quot;}\">\n\t\t<div class=\"elementor-element elementor-element-87df67b e-con-full e-flex e-con e-child\" data-id=\"87df67b\" data-element_type=\"container\" data-settings=\"{&quot;background_background&quot;:&quot;classic&quot;}\">\n\t\t<div class=\"elementor-element elementor-element-666601e e-con-full e-flex e-con e-child\" data-id=\"666601e\" data-element_type=\"container\">\n\t\t\t\t<div class=\"elementor-element elementor-element-b59a961 elementor-widget__width-initial elementor-widget elementor-widget-text-editor\" data-id=\"b59a961\" data-element_type=\"widget\" data-widget_type=\"text-editor.default\">\n\t\t\t\t<div class=\"elementor-widget-container\">\n\t\t\t\t\t\t\t<div>\u00a0<\/div><p>Hoje na quarta gera\u00e7\u00e3o, com Jos\u00e9 Nelson Dissenha Neto como Diretor Presidente, o Grupo Dissenha \u00e9 composto por diversas empresas: Centro Comercial e Industrial Dissenha, Dissenha Energia, Dissenha Florestal, Evo Design Respons\u00e1vel, Evomate e uma nova ind\u00fastria de molduras em constru\u00e7\u00e3o, prevista para iniciar suas opera\u00e7\u00f5es no segundo semestre de 2025.<br \/><br \/>Com mais de 80 anos de hist\u00f3ria, o Grupo Dissenha continua comprometido com a inova\u00e7\u00e3o, a sustentabilidade e o desenvolvimento social.<\/p>\t\t\t\t\t\t<\/div>\n\t\t\t\t<\/div>\n\t\t\t\t<\/div>\n\t\t<div class=\"elementor-element elementor-element-c0590b7 e-con-full e-flex e-con e-child\" data-id=\"c0590b7\" data-element_type=\"container\">\n\t\t\t\t<div class=\"elementor-element elementor-element-5705191 elementor-widget elementor-widget-image\" data-id=\"5705191\" data-element_type=\"widget\" data-widget_type=\"image.default\">\n\t\t\t\t<div class=\"elementor-widget-container\">\n\t\t\t\t\t\t\t\t\t\t\t\t\t<img loading=\"lazy\" decoding=\"async\" width=\"788\" height=\"758\" src=\"https:\/\/dissenha.com.br\/wp-content\/uploads\/2024\/10\/Neto.png\" class=\"attachment-large size-large wp-image-291\" alt=\"\" srcset=\"https:\/\/dissenha.com.br\/wp-content\/uploads\/2024\/10\/Neto.png 788w, https:\/\/dissenha.com.br\/wp-content\/uploads\/2024\/10\/Neto-300x289.png 300w, https:\/\/dissenha.com.br\/wp-content\/uploads\/2024\/10\/Neto-768x739.png 768w\" sizes=\"(max-width: 788px) 100vw, 788px\" \/>\t\t\t\t\t\t\t\t\t\t\t\t\t<\/div>\n\t\t\t\t<\/div>\n\t\t\t\t<div class=\"elementor-element elementor-element-eb2f466 elementor-widget elementor-widget-text-editor\" data-id=\"eb2f466\" data-element_type=\"widget\" data-widget_type=\"text-editor.default\">\n\t\t\t\t<div class=\"elementor-widget-container\">\n\t\t\t\t\t\t\t<p>Na foto: Jos\u00e9 Nelson Dissenha Neto<\/p>\t\t\t\t\t\t<\/div>\n\t\t\t\t<\/div>\n\t\t\t\t<\/div>\n\t\t\t\t<\/div>\n\t\t\t\t<\/div>\n\t\t\t\t<\/div>\n\t\t\t\t<\/div>\n\t\t\t\t\t<\/div>\n\t\t\t\t<\/div>\n\t\t\t\t<\/div>\n\t\t\t\t<\/div>\n\t\t","protected":false},"excerpt":{"rendered":"<p>Moldamos o futuro embusca de um mundo melhor Nossa vis\u00e3o \u00e9 construir um futuro mais sustent\u00e1vel em todos os setores em que atuamos, impulsionando o desenvolvimento local nas regi\u00f5es em que estamos inseridos.\u00a0 Com um portf\u00f3lio diversificado, nossas empresas refletem o compromisso com a sustentabilidade e qualidade dos produtos e servi\u00e7os que oferecemos. https:\/\/www.youtube.com\/watch?v=vswcO7ujUss Com [&hellip;]<\/p>\n","protected":false},"author":1,"featured_media":0,"parent":0,"menu_order":0,"comment_status":"closed","ping_status":"closed","template":"","meta":{"footnotes":""},"class_list":["post-15","page","type-page","status-publish","hentry"],"_links":{"self":[{"href":"https:\/\/dissenha.com.br\/index.php\/wp-json\/wp\/v2\/pages\/15","targetHints":{"allow":["GET"]}}],"collection":[{"href":"https:\/\/dissenha.com.br\/index.php\/wp-json\/wp\/v2\/pages"}],"about":[{"href":"https:\/\/dissenha.com.br\/index.php\/wp-json\/wp\/v2\/types\/page"}],"author":[{"embeddable":true,"href":"https:\/\/dissenha.com.br\/index.php\/wp-json\/wp\/v2\/users\/1"}],"replies":[{"embeddable":true,"href":"https:\/\/dissenha.com.br\/index.php\/wp-json\/wp\/v2\/comments?post=15"}],"version-history":[{"count":3,"href":"https:\/\/dissenha.com.br\/index.php\/wp-json\/wp\/v2\/pages\/15\/revisions"}],"predecessor-version":[{"id":1339,"href":"https:\/\/dissenha.com.br\/index.php\/wp-json\/wp\/v2\/pages\/15\/revisions\/1339"}],"wp:attachment":[{"href":"https:\/\/dissenha.com.br\/index.php\/wp-json\/wp\/v2\/media?parent=15"}],"curies":[{"name":"wp","href":"https:\/\/api.w.org\/{rel}","templated":true}]}}